{"id":32,"date":"2022-10-24T15:53:14","date_gmt":"2022-10-24T13:53:14","guid":{"rendered":"https:\/\/catherine-bluteau.fr\/?page_id=32"},"modified":"2023-01-27T12:57:19","modified_gmt":"2023-01-27T11:57:19","slug":"lenfant-interieur","status":"publish","type":"page","link":"https:\/\/catherine-bluteau.fr\/index.php\/accompagnements\/lenfant-interieur\/","title":{"rendered":"L&rsquo;enfant Int\u00e9rieur"},"content":{"rendered":"\n<div class=\"wp-block-columns is-layout-flex wp-container-core-columns-is-layout-9d6595d7 wp-block-columns-is-layout-flex\">\n<div class=\"wp-block-column is-layout-flow wp-block-column-is-layout-flow\">\n<div class=\"wp-block-group alignfull has-background\" style=\"background-color:#f8f4e4\"><div class=\"wp-block-group__inner-container is-layout-flow wp-block-group-is-layout-flow\">\n<div class=\"wp-block-columns alignwide is-layout-flex wp-container-core-columns-is-layout-9d6595d7 wp-block-columns-is-layout-flex\">\n<div class=\"wp-block-column is-layout-flow wp-block-column-is-layout-flow\">\n<div style=\"height:50px\" aria-hidden=\"true\" class=\"wp-block-spacer\"><\/div>\n\n\n\n<div id=\"wp-block-themeisle-blocks-advanced-columns-2c60bc77\" class=\"wp-block-themeisle-blocks-advanced-columns alignfull has-1-columns has-desktop-equal-layout has-tablet-equal-layout has-mobile-collapsedRows-layout has-reverse-columns-mobile has-vertical-center ticss-c00aadba\"><div class=\"wp-block-themeisle-blocks-advanced-columns-overlay\"><\/div><div class=\"innerblocks-wrap\">\n<div id=\"wp-block-themeisle-blocks-advanced-column-75b9263d\" class=\"wp-block-themeisle-blocks-advanced-column\">\n<div style=\"height:100px\" aria-hidden=\"true\" class=\"wp-block-spacer\"><\/div>\n\n\n\n<h1 id=\"wp-block-themeisle-blocks-advanced-heading-5d5675df\" class=\"wp-block-themeisle-blocks-advanced-heading wp-block-themeisle-blocks-advanced-heading-5d5675df\">L\u2019Enfant Int\u00e9rieur<\/h1>\n\n\n\n<div style=\"height:100px\" aria-hidden=\"true\" class=\"wp-block-spacer\"><\/div>\n<\/div>\n<\/div><\/div>\n\n\n\n<div style=\"height:5px\" aria-hidden=\"true\" class=\"wp-block-spacer\"><\/div>\n<\/div>\n<\/div>\n\n\n\n<div class=\"wp-block-columns alignwide is-layout-flex wp-container-core-columns-is-layout-9d6595d7 wp-block-columns-is-layout-flex\">\n<div class=\"wp-block-column is-layout-flow wp-block-column-is-layout-flow\" style=\"flex-basis:33.38%\">\n<p>En combinant <strong>m\u00e9ditation guid\u00e9e<\/strong> et <strong>travail sur le dessin\/l\u2019\u00e9criture<\/strong>, je vous accompagne \u00e0 connecter et prendre soin<strong> des parts enfantines int\u00e9rieures,<\/strong> qui ont \u00e9t\u00e9 r\u00e9prim\u00e9es et qui demandent \u00e0<strong> s\u2019exprimer<\/strong>.&nbsp;<\/p>\n\n\n\n<p>Le concept d<strong>&lsquo;enfant int\u00e9rieur<\/strong> n&rsquo;est pas nouveau. Freud en parlait d\u00e9j\u00e0 \u00e0 sa mani\u00e8re lorsqu&rsquo;il parlait du <strong>refoulement <\/strong>dans l&rsquo;inconscient pour <strong>\u00e9viter de souffrir.<\/strong> <\/p>\n\n\n\n<p>L&rsquo;enfant <strong>s&rsquo;adapte<\/strong>, il fait au mieux pour <strong>se repr\u00e9senter le monde<\/strong> qu&rsquo;il d\u00e9couvre et int\u00e8gre \u00e0 travers son <strong>environnement familial<\/strong>.<\/p>\n\n\n\n<p>Lorsque son <strong>syst\u00e8me nerveux et \u00e9motionnel est mis \u00e0 rude \u00e9preuve<\/strong>, et qu&rsquo;il n&rsquo;est pas accompagn\u00e9 pour se repr\u00e9senter ce qu&rsquo;il vient de vivre, alors <strong>une partie de lui s&rsquo;\u00e9teint,<\/strong> s&rsquo;enfouit, se contracte,<strong> reste bloqu\u00e9e<\/strong>.<\/p>\n<\/div>\n\n\n\n<div class=\"wp-block-column is-layout-flow wp-block-column-is-layout-flow\" style=\"flex-basis:33%\">\n<div style=\"height:100px\" aria-hidden=\"true\" class=\"wp-block-spacer\"><\/div>\n\n\n<div class=\"wp-block-image\">\n<figure class=\"alignright size-large\"><img loading=\"lazy\" decoding=\"async\" width=\"683\" height=\"1024\" src=\"https:\/\/catherine-bluteau.fr\/wp-content\/uploads\/2023\/01\/enfant-683x1024.jpg\" alt=\"\" class=\"wp-image-551\" srcset=\"https:\/\/catherine-bluteau.fr\/wp-content\/uploads\/2023\/01\/enfant-683x1024.jpg 683w, https:\/\/catherine-bluteau.fr\/wp-content\/uploads\/2023\/01\/enfant-200x300.jpg 200w, https:\/\/catherine-bluteau.fr\/wp-content\/uploads\/2023\/01\/enfant-768x1152.jpg 768w, https:\/\/catherine-bluteau.fr\/wp-content\/uploads\/2023\/01\/enfant-1024x1536.jpg 1024w, https:\/\/catherine-bluteau.fr\/wp-content\/uploads\/2023\/01\/enfant-1365x2048.jpg 1365w, https:\/\/catherine-bluteau.fr\/wp-content\/uploads\/2023\/01\/enfant-scaled.jpg 1707w\" sizes=\"auto, (max-width: 683px) 100vw, 683px\" \/><\/figure>\n<\/div><\/div>\n\n\n\n<div class=\"wp-block-column is-layout-flow wp-block-column-is-layout-flow\" style=\"flex-basis:33.62%\"><div class=\"wp-block-image\">\n<figure class=\"alignright size-large is-resized\"><img loading=\"lazy\" decoding=\"async\" src=\"https:\/\/catherine-bluteau.fr\/wp-content\/uploads\/2023\/01\/05-solitude-1024x682.jpg\" alt=\"\" class=\"wp-image-553\" width=\"438\" height=\"291\" srcset=\"https:\/\/catherine-bluteau.fr\/wp-content\/uploads\/2023\/01\/05-solitude-1024x682.jpg 1024w, https:\/\/catherine-bluteau.fr\/wp-content\/uploads\/2023\/01\/05-solitude-300x200.jpg 300w, https:\/\/catherine-bluteau.fr\/wp-content\/uploads\/2023\/01\/05-solitude-768x512.jpg 768w, https:\/\/catherine-bluteau.fr\/wp-content\/uploads\/2023\/01\/05-solitude-1536x1024.jpg 1536w, https:\/\/catherine-bluteau.fr\/wp-content\/uploads\/2023\/01\/05-solitude-2048x1365.jpg 2048w, https:\/\/catherine-bluteau.fr\/wp-content\/uploads\/2023\/01\/05-solitude-930x620.jpg 930w\" sizes=\"auto, (max-width: 438px) 100vw, 438px\" \/><\/figure>\n<\/div><\/div>\n<\/div>\n\n\n\n<div class=\"wp-block-columns alignwide is-layout-flex wp-container-core-columns-is-layout-9d6595d7 wp-block-columns-is-layout-flex\">\n<div class=\"wp-block-column is-layout-flow wp-block-column-is-layout-flow\" style=\"flex-basis:67%\"><div class=\"wp-block-image\">\n<figure class=\"alignright size-large\"><img loading=\"lazy\" decoding=\"async\" width=\"1024\" height=\"682\" src=\"https:\/\/catherine-bluteau.fr\/wp-content\/uploads\/2023\/01\/pexels-stephen-andrews-10279422-1024x682.jpg\" alt=\"\" class=\"wp-image-557\" srcset=\"https:\/\/catherine-bluteau.fr\/wp-content\/uploads\/2023\/01\/pexels-stephen-andrews-10279422-1024x682.jpg 1024w, https:\/\/catherine-bluteau.fr\/wp-content\/uploads\/2023\/01\/pexels-stephen-andrews-10279422-300x200.jpg 300w, https:\/\/catherine-bluteau.fr\/wp-content\/uploads\/2023\/01\/pexels-stephen-andrews-10279422-768x511.jpg 768w, https:\/\/catherine-bluteau.fr\/wp-content\/uploads\/2023\/01\/pexels-stephen-andrews-10279422-1536x1022.jpg 1536w, https:\/\/catherine-bluteau.fr\/wp-content\/uploads\/2023\/01\/pexels-stephen-andrews-10279422-2048x1363.jpg 2048w, https:\/\/catherine-bluteau.fr\/wp-content\/uploads\/2023\/01\/pexels-stephen-andrews-10279422-930x620.jpg 930w\" sizes=\"auto, (max-width: 1024px) 100vw, 1024px\" \/><\/figure>\n<\/div><\/div>\n\n\n\n<div class=\"wp-block-column is-vertically-aligned-center is-layout-flow wp-block-column-is-layout-flow\" style=\"flex-basis:33%\">\n<p>Lorsque son <strong>syst\u00e8me nerveux et \u00e9motionnel est mis \u00e0 rude \u00e9preuve<\/strong>, et qu&rsquo;il n&rsquo;est pas accompagn\u00e9 pour se repr\u00e9senter ce qu&rsquo;il vient de vivre, alors <strong>une partie de lui s&rsquo;\u00e9teint,<\/strong> s&rsquo;enfouit, se contracte,<strong> reste bloqu\u00e9e<\/strong>.<\/p>\n\n\n\n<p>Il se met \u00e0 trouver des <strong>strat\u00e9gies de survie \u00e9motionnelle<\/strong> soit dans l&rsquo;hypervigilance, le contr\u00f4le, le \u00a0\u00bb people-pleasing \u00ab\u00a0, l&rsquo;\u00e9vitement de l&rsquo;intimit\u00e9 etc.. etc&#8230; qui vont <strong>devenir notre fa\u00e7on d&rsquo;\u00eatre au monde<\/strong>, de fa\u00e7on <strong>quasi-automatique.<\/strong><\/p>\n\n\n\n<p>Derri\u00e8re <strong>l&rsquo;apaisement de cet enfant<\/strong>, parce que nous allons choisir de le consid\u00e9rer, d&rsquo;enfin oser <strong>regarder son \u00e9motion, sa blessure<\/strong>, la zone d&rsquo;ombre&#8230; <strong>se trouvent les tr\u00e9sors <\/strong>de notre \u00eatre qui ne demandent qu&rsquo;\u00e0 se d\u00e9voiler : l\u2019enfant reconnu, entendu et lib\u00e9r\u00e9 nous r\u00e9v\u00e8le ses envies de rire, de jouer, de danser\u2026. de ne pas se prendre au s\u00e9rieux\u2026. <strong>et de cr\u00e9er !!<\/strong><\/p>\n<\/div>\n<\/div>\n\n\n\n<div style=\"height:61px\" aria-hidden=\"true\" class=\"wp-block-spacer\"><\/div>\n<\/div><\/div>\n<\/div>\n<\/div>\n\n\n\n<figure class=\"wp-block-pullquote alignwide\"><blockquote><p><em>\u00ab Il y a en chaque adulte un enfant, un enfant \u00e9ternel toujours en \u00e9tat de devenir, jamais termin\u00e9, qui aura constamment besoin de soins, d\u2019attention et d\u2019\u00e9ducation. \u00bb<\/em><\/p><cite>C.G. Jung L\u2019\u00e2me et la Vie<\/cite><\/blockquote><\/figure>\n","protected":false},"excerpt":{"rendered":"<p>En combinant m\u00e9ditation guid\u00e9e et travail sur le dessin\/l\u2019\u00e9criture, je vous accompagne \u00e0 connecter et prendre soin des parts enfantines int\u00e9rieures, qui ont \u00e9t\u00e9 r\u00e9prim\u00e9es et qui demandent \u00e0 s\u2019exprimer.&nbsp; Le concept d&lsquo;enfant int\u00e9rieur n&rsquo;est pas nouveau. Freud en parlait d\u00e9j\u00e0 \u00e0 sa mani\u00e8re lorsqu&rsquo;il parlait du refoulement dans l&rsquo;inconscient pour \u00e9viter de souffrir. L&rsquo;enfant&hellip;&nbsp;<a href=\"https:\/\/catherine-bluteau.fr\/index.php\/accompagnements\/lenfant-interieur\/\" rel=\"bookmark\"><span class=\"screen-reader-text\">L&rsquo;enfant Int\u00e9rieur<\/span><\/a><\/p>\n","protected":false},"author":1,"featured_media":0,"parent":38,"menu_order":0,"comment_status":"closed","ping_status":"closed","template":"","meta":{"neve_meta_sidebar":"","neve_meta_container":"","neve_meta_enable_content_width":"","neve_meta_content_width":0,"neve_meta_title_alignment":"","neve_meta_author_avatar":"","neve_post_elements_order":"","neve_meta_disable_header":"","neve_meta_disable_footer":"","neve_meta_disable_title":"","_themeisle_gutenberg_block_has_review":false,"footnotes":""},"class_list":["post-32","page","type-page","status-publish","hentry"],"yoast_head":"<!-- This site is optimized with the Yoast SEO plugin v27.4 - https:\/\/yoast.com\/product\/yoast-seo-wordpress\/ -->\n<title>L&#039;enfant Int\u00e9rieur - Catherine Bluteau<\/title>\n<meta name=\"robots\" content=\"index, follow, max-snippet:-1, max-image-preview:large, max-video-preview:-1\" \/>\n<link rel=\"canonical\" href=\"https:\/\/catherine-bluteau.fr\/index.php\/accompagnements\/lenfant-interieur\/\" \/>\n<meta property=\"og:locale\" content=\"fr_FR\" \/>\n<meta property=\"og:type\" content=\"article\" \/>\n<meta property=\"og:title\" content=\"L&#039;enfant Int\u00e9rieur - Catherine Bluteau\" \/>\n<meta property=\"og:description\" content=\"En combinant m\u00e9ditation guid\u00e9e et travail sur le dessin\/l\u2019\u00e9criture, je vous accompagne \u00e0 connecter et prendre soin des parts enfantines int\u00e9rieures, qui ont \u00e9t\u00e9 r\u00e9prim\u00e9es et qui demandent \u00e0 s\u2019exprimer.&nbsp; Le concept d&lsquo;enfant int\u00e9rieur n&rsquo;est pas nouveau. Freud en parlait d\u00e9j\u00e0 \u00e0 sa mani\u00e8re lorsqu&rsquo;il parlait du refoulement dans l&rsquo;inconscient pour \u00e9viter de souffrir. L&rsquo;enfant&hellip;&nbsp;L&rsquo;enfant Int\u00e9rieur\" \/>\n<meta property=\"og:url\" content=\"https:\/\/catherine-bluteau.fr\/index.php\/accompagnements\/lenfant-interieur\/\" \/>\n<meta property=\"og:site_name\" content=\"Catherine Bluteau\" \/>\n<meta property=\"article:publisher\" content=\"https:\/\/fr-fr.facebook.com\/people\/Catherine-Bluteau\/100003231347410\/\" \/>\n<meta property=\"article:modified_time\" content=\"2023-01-27T11:57:19+00:00\" \/>\n<meta property=\"og:image\" content=\"https:\/\/catherine-bluteau.fr\/wp-content\/uploads\/2023\/01\/enfant-683x1024.jpg\" \/>\n<meta name=\"twitter:card\" content=\"summary_large_image\" \/>\n<meta name=\"twitter:label1\" content=\"Dur\u00e9e de lecture estim\u00e9e\" \/>\n\t<meta name=\"twitter:data1\" content=\"3 minutes\" \/>\n<script type=\"application\/ld+json\" class=\"yoast-schema-graph\">{\"@context\":\"https:\\\/\\\/schema.org\",\"@graph\":[{\"@type\":\"WebPage\",\"@id\":\"https:\\\/\\\/catherine-bluteau.fr\\\/index.php\\\/accompagnements\\\/lenfant-interieur\\\/\",\"url\":\"https:\\\/\\\/catherine-bluteau.fr\\\/index.php\\\/accompagnements\\\/lenfant-interieur\\\/\",\"name\":\"L'enfant Int\u00e9rieur - Catherine Bluteau\",\"isPartOf\":{\"@id\":\"https:\\\/\\\/catherine-bluteau.fr\\\/#website\"},\"primaryImageOfPage\":{\"@id\":\"https:\\\/\\\/catherine-bluteau.fr\\\/index.php\\\/accompagnements\\\/lenfant-interieur\\\/#primaryimage\"},\"image\":{\"@id\":\"https:\\\/\\\/catherine-bluteau.fr\\\/index.php\\\/accompagnements\\\/lenfant-interieur\\\/#primaryimage\"},\"thumbnailUrl\":\"https:\\\/\\\/catherine-bluteau.fr\\\/wp-content\\\/uploads\\\/2023\\\/01\\\/enfant-683x1024.jpg\",\"datePublished\":\"2022-10-24T13:53:14+00:00\",\"dateModified\":\"2023-01-27T11:57:19+00:00\",\"breadcrumb\":{\"@id\":\"https:\\\/\\\/catherine-bluteau.fr\\\/index.php\\\/accompagnements\\\/lenfant-interieur\\\/#breadcrumb\"},\"inLanguage\":\"fr-FR\",\"potentialAction\":[{\"@type\":\"ReadAction\",\"target\":[\"https:\\\/\\\/catherine-bluteau.fr\\\/index.php\\\/accompagnements\\\/lenfant-interieur\\\/\"]}]},{\"@type\":\"ImageObject\",\"inLanguage\":\"fr-FR\",\"@id\":\"https:\\\/\\\/catherine-bluteau.fr\\\/index.php\\\/accompagnements\\\/lenfant-interieur\\\/#primaryimage\",\"url\":\"https:\\\/\\\/catherine-bluteau.fr\\\/wp-content\\\/uploads\\\/2023\\\/01\\\/enfant-scaled.jpg\",\"contentUrl\":\"https:\\\/\\\/catherine-bluteau.fr\\\/wp-content\\\/uploads\\\/2023\\\/01\\\/enfant-scaled.jpg\",\"width\":1707,\"height\":2560},{\"@type\":\"BreadcrumbList\",\"@id\":\"https:\\\/\\\/catherine-bluteau.fr\\\/index.php\\\/accompagnements\\\/lenfant-interieur\\\/#breadcrumb\",\"itemListElement\":[{\"@type\":\"ListItem\",\"position\":1,\"name\":\"Accueil\",\"item\":\"https:\\\/\\\/catherine-bluteau.fr\\\/\"},{\"@type\":\"ListItem\",\"position\":2,\"name\":\"Accompagnements\",\"item\":\"https:\\\/\\\/catherine-bluteau.fr\\\/index.php\\\/accompagnements\\\/\"},{\"@type\":\"ListItem\",\"position\":3,\"name\":\"L&rsquo;enfant Int\u00e9rieur\"}]},{\"@type\":\"WebSite\",\"@id\":\"https:\\\/\\\/catherine-bluteau.fr\\\/#website\",\"url\":\"https:\\\/\\\/catherine-bluteau.fr\\\/\",\"name\":\"Catherine Bluteau\",\"description\":\"\",\"publisher\":{\"@id\":\"https:\\\/\\\/catherine-bluteau.fr\\\/#organization\"},\"potentialAction\":[{\"@type\":\"SearchAction\",\"target\":{\"@type\":\"EntryPoint\",\"urlTemplate\":\"https:\\\/\\\/catherine-bluteau.fr\\\/?s={search_term_string}\"},\"query-input\":{\"@type\":\"PropertyValueSpecification\",\"valueRequired\":true,\"valueName\":\"search_term_string\"}}],\"inLanguage\":\"fr-FR\"},{\"@type\":\"Organization\",\"@id\":\"https:\\\/\\\/catherine-bluteau.fr\\\/#organization\",\"name\":\"Catherine Bluteau\",\"url\":\"https:\\\/\\\/catherine-bluteau.fr\\\/\",\"logo\":{\"@type\":\"ImageObject\",\"inLanguage\":\"fr-FR\",\"@id\":\"https:\\\/\\\/catherine-bluteau.fr\\\/#\\\/schema\\\/logo\\\/image\\\/\",\"url\":\"https:\\\/\\\/catherine-bluteau.fr\\\/wp-content\\\/uploads\\\/2022\\\/10\\\/cropped-c.Bluteau.png\",\"contentUrl\":\"https:\\\/\\\/catherine-bluteau.fr\\\/wp-content\\\/uploads\\\/2022\\\/10\\\/cropped-c.Bluteau.png\",\"width\":200,\"height\":200,\"caption\":\"Catherine Bluteau\"},\"image\":{\"@id\":\"https:\\\/\\\/catherine-bluteau.fr\\\/#\\\/schema\\\/logo\\\/image\\\/\"},\"sameAs\":[\"https:\\\/\\\/fr-fr.facebook.com\\\/people\\\/Catherine-Bluteau\\\/100003231347410\\\/\",\"https:\\\/\\\/www.instagram.com\\\/catherine_bluteau_psychotherap\\\/\"]}]}<\/script>\n<!-- \/ Yoast SEO plugin. -->","yoast_head_json":{"title":"L'enfant Int\u00e9rieur - Catherine Bluteau","robots":{"index":"index","follow":"follow","max-snippet":"max-snippet:-1","max-image-preview":"max-image-preview:large","max-video-preview":"max-video-preview:-1"},"canonical":"https:\/\/catherine-bluteau.fr\/index.php\/accompagnements\/lenfant-interieur\/","og_locale":"fr_FR","og_type":"article","og_title":"L'enfant Int\u00e9rieur - Catherine Bluteau","og_description":"En combinant m\u00e9ditation guid\u00e9e et travail sur le dessin\/l\u2019\u00e9criture, je vous accompagne \u00e0 connecter et prendre soin des parts enfantines int\u00e9rieures, qui ont \u00e9t\u00e9 r\u00e9prim\u00e9es et qui demandent \u00e0 s\u2019exprimer.&nbsp; Le concept d&lsquo;enfant int\u00e9rieur n&rsquo;est pas nouveau. Freud en parlait d\u00e9j\u00e0 \u00e0 sa mani\u00e8re lorsqu&rsquo;il parlait du refoulement dans l&rsquo;inconscient pour \u00e9viter de souffrir. L&rsquo;enfant&hellip;&nbsp;L&rsquo;enfant Int\u00e9rieur","og_url":"https:\/\/catherine-bluteau.fr\/index.php\/accompagnements\/lenfant-interieur\/","og_site_name":"Catherine Bluteau","article_publisher":"https:\/\/fr-fr.facebook.com\/people\/Catherine-Bluteau\/100003231347410\/","article_modified_time":"2023-01-27T11:57:19+00:00","og_image":[{"url":"https:\/\/catherine-bluteau.fr\/wp-content\/uploads\/2023\/01\/enfant-683x1024.jpg","type":"","width":"","height":""}],"twitter_card":"summary_large_image","twitter_misc":{"Dur\u00e9e de lecture estim\u00e9e":"3 minutes"},"schema":{"@context":"https:\/\/schema.org","@graph":[{"@type":"WebPage","@id":"https:\/\/catherine-bluteau.fr\/index.php\/accompagnements\/lenfant-interieur\/","url":"https:\/\/catherine-bluteau.fr\/index.php\/accompagnements\/lenfant-interieur\/","name":"L'enfant Int\u00e9rieur - Catherine Bluteau","isPartOf":{"@id":"https:\/\/catherine-bluteau.fr\/#website"},"primaryImageOfPage":{"@id":"https:\/\/catherine-bluteau.fr\/index.php\/accompagnements\/lenfant-interieur\/#primaryimage"},"image":{"@id":"https:\/\/catherine-bluteau.fr\/index.php\/accompagnements\/lenfant-interieur\/#primaryimage"},"thumbnailUrl":"https:\/\/catherine-bluteau.fr\/wp-content\/uploads\/2023\/01\/enfant-683x1024.jpg","datePublished":"2022-10-24T13:53:14+00:00","dateModified":"2023-01-27T11:57:19+00:00","breadcrumb":{"@id":"https:\/\/catherine-bluteau.fr\/index.php\/accompagnements\/lenfant-interieur\/#breadcrumb"},"inLanguage":"fr-FR","potentialAction":[{"@type":"ReadAction","target":["https:\/\/catherine-bluteau.fr\/index.php\/accompagnements\/lenfant-interieur\/"]}]},{"@type":"ImageObject","inLanguage":"fr-FR","@id":"https:\/\/catherine-bluteau.fr\/index.php\/accompagnements\/lenfant-interieur\/#primaryimage","url":"https:\/\/catherine-bluteau.fr\/wp-content\/uploads\/2023\/01\/enfant-scaled.jpg","contentUrl":"https:\/\/catherine-bluteau.fr\/wp-content\/uploads\/2023\/01\/enfant-scaled.jpg","width":1707,"height":2560},{"@type":"BreadcrumbList","@id":"https:\/\/catherine-bluteau.fr\/index.php\/accompagnements\/lenfant-interieur\/#breadcrumb","itemListElement":[{"@type":"ListItem","position":1,"name":"Accueil","item":"https:\/\/catherine-bluteau.fr\/"},{"@type":"ListItem","position":2,"name":"Accompagnements","item":"https:\/\/catherine-bluteau.fr\/index.php\/accompagnements\/"},{"@type":"ListItem","position":3,"name":"L&rsquo;enfant Int\u00e9rieur"}]},{"@type":"WebSite","@id":"https:\/\/catherine-bluteau.fr\/#website","url":"https:\/\/catherine-bluteau.fr\/","name":"Catherine Bluteau","description":"","publisher":{"@id":"https:\/\/catherine-bluteau.fr\/#organization"},"potentialAction":[{"@type":"SearchAction","target":{"@type":"EntryPoint","urlTemplate":"https:\/\/catherine-bluteau.fr\/?s={search_term_string}"},"query-input":{"@type":"PropertyValueSpecification","valueRequired":true,"valueName":"search_term_string"}}],"inLanguage":"fr-FR"},{"@type":"Organization","@id":"https:\/\/catherine-bluteau.fr\/#organization","name":"Catherine Bluteau","url":"https:\/\/catherine-bluteau.fr\/","logo":{"@type":"ImageObject","inLanguage":"fr-FR","@id":"https:\/\/catherine-bluteau.fr\/#\/schema\/logo\/image\/","url":"https:\/\/catherine-bluteau.fr\/wp-content\/uploads\/2022\/10\/cropped-c.Bluteau.png","contentUrl":"https:\/\/catherine-bluteau.fr\/wp-content\/uploads\/2022\/10\/cropped-c.Bluteau.png","width":200,"height":200,"caption":"Catherine Bluteau"},"image":{"@id":"https:\/\/catherine-bluteau.fr\/#\/schema\/logo\/image\/"},"sameAs":["https:\/\/fr-fr.facebook.com\/people\/Catherine-Bluteau\/100003231347410\/","https:\/\/www.instagram.com\/catherine_bluteau_psychotherap\/"]}]}},"_links":{"self":[{"href":"https:\/\/catherine-bluteau.fr\/index.php\/wp-json\/wp\/v2\/pages\/32","targetHints":{"allow":["GET"]}}],"collection":[{"href":"https:\/\/catherine-bluteau.fr\/index.php\/wp-json\/wp\/v2\/pages"}],"about":[{"href":"https:\/\/catherine-bluteau.fr\/index.php\/wp-json\/wp\/v2\/types\/page"}],"author":[{"embeddable":true,"href":"https:\/\/catherine-bluteau.fr\/index.php\/wp-json\/wp\/v2\/users\/1"}],"replies":[{"embeddable":true,"href":"https:\/\/catherine-bluteau.fr\/index.php\/wp-json\/wp\/v2\/comments?post=32"}],"version-history":[{"count":15,"href":"https:\/\/catherine-bluteau.fr\/index.php\/wp-json\/wp\/v2\/pages\/32\/revisions"}],"predecessor-version":[{"id":663,"href":"https:\/\/catherine-bluteau.fr\/index.php\/wp-json\/wp\/v2\/pages\/32\/revisions\/663"}],"up":[{"embeddable":true,"href":"https:\/\/catherine-bluteau.fr\/index.php\/wp-json\/wp\/v2\/pages\/38"}],"wp:attachment":[{"href":"https:\/\/catherine-bluteau.fr\/index.php\/wp-json\/wp\/v2\/media?parent=32"}],"curies":[{"name":"wp","href":"https:\/\/api.w.org\/{rel}","templated":true}]}}